9861890?
True
Is 5206149 a multiple of 117?
True
Is 656 a factor of 631761079?
False
Does 1931 divide 28138532?
True
Is 29327964 a multiple of 24?
False
Does 111 divide 12983448?
True
Is 9 a factor of 16402032?
True
Does 457 divide 112851177?
False
Is 508752846 a multiple of 306?
True
Is 1258 a factor of 1984039279?
False
Is 232 a factor of 1198708504?
True
Is 6 a factor of 192224394?
True
Is 8923687 a multiple of 25?
False
Is 2198224800 a multiple of 218?
True
Does 4991 divide 200872777?
True
Is 47 a factor of 87772500?
True
Is 324791820 a multiple of 7121?
False
Is 34 a factor of 93124028?
True
Does 197 divide 62394288?
False
Is 16973595 a multiple of 73?
True
Is 25 a factor of 72608275?
True
Is 13928599 a multiple of 7?
False
Is 16087341 a multiple of 21?
False
Does 3772 divide 118342728?
True
Is 366087330 a multiple of 2058?
True
Is 37 a factor of 1241132181?
True
Is 450172328 a multiple of 56?
False
Is 3628 a factor of 2640111069?
False
Does 99 divide 6267685?
False
Does 2 divide 339341?
False
Does 10 divide 686433201?
False
Does 59 divide 2110226?
False
Is 21369400 a multiple of 13?
True
Is 17 a factor of 14651800?
False
Does 391 divide 13579821?
True
Does 175 divide 1174627?
False
Does 14 divide 989446104?
False
Is 1046 a factor of 418529523?
False
Does 10 divide 33326370?
True
Is 2367 a factor of 8052130?
False
Does 37 divide 172610412?
False
Does 2190 divide 115212431?
False
Is 3410 a factor of 122657700?
True
Is 14 a factor of 18661846?
True
Is 20277890 a multiple of 10?
True
Is 989424051 a multiple of 2937?
False
Is 9138750 a multiple of 50?
True
Is 164 a factor of 47577056?
True
Does 5509 divide 416771580?
False
Does 1128 divide 24171912?
True
Does 131 divide 6817462?
False
Does 321 divide 4213767?
True
Does 15 divide 8581635?
True
Is 13 a factor of 1657240468?
True
Is 25 a factor of 776073975?
True
Is 96589391 a multiple of 1138?
False
Is 2488289940 a multiple of 1059?
True
Is 25798150 a multiple of 35?
True
Does 1811 divide 233655921?
False
Does 26 divide 45433232?
True
Is 3 a factor of 284040080?
False
Does 421 divide 49502518?
False
Is 648435727 a multiple of 3689?
False
Does 106 divide 77584873?
False
Is 1507611648 a multiple of 404?
True
Is 1233292622 a multiple of 571?
True
Is 2540 a factor of 73883520?
True
Does 23 divide 10322142?
False
Does 4450 divide 326776850?
True
Does 18 divide 247508298?
True
Is 344435625 a multiple of 269?
False
Is 995417500 a multiple of 25?
True
Is 814328486 a multiple of 94?
True
Is 496884379 a multiple of 127?
False
Does 41 divide 208059029?
False
Is 783117641 a multiple of 171?
False
Is 17 a factor of 5282574?
False
Is 88997125 a multiple of 119?
True
Does 167 divide 18427530?
False
Does 6 divide 45734994?
True
Does 101 divide 1398659834?
False
Is 198771894 a multiple of 1306?
True
Does 10 divide 34312740?
True
Does 3 divide 27553658?
False
Is 90 a factor of 62521920?
True
Is 40891933 a multiple of 475?
False
Is 12623586 a multiple of 606?
True
Is 6254556 a multiple of 1934?
True
Is 13103124 a multiple of 68?
True
Does 235 divide 58076960?
True
Does 1505 divide 245710990?
False
Does 886 divide 2555224?
True
Does 771 divide 83311947?
True
Is 169783744 a multiple of 13?
True
Does 139 divide 9567787?
True
Is 476179442 a multiple of 16?
False
Does 17 divide 44155171?
True
Is 24089046 a multiple of 201?
True
Is 4685 a factor of 1371121748?
False
Is 51810720 a multiple of 380?
True
Is 749 a factor of 235250414?
True
Is 302477604 a multiple of 143?
True
Is 156446189 a multiple of 17?
True
Is 170501650 a multiple of 2053?
True
Is 823 a factor of 113330392?
True
Is 10 a factor of 2956911?
False
Is 1565707287 a multiple of 978?
False
Does 5 divide 2337215?
True
Does 12 divide 1967520?
True
Does 4122 divide 1482060676?
False
Is 6164967 a multiple of 170?
False
Does 53 divide 15462909?
True
Is 4 a factor of 870688?
True
Is 905148700 a multiple of 5472?
False
Does 7259 divide 308196236?
False
Does 139 divide 1770552254?
True
Is 1094793545 a multiple of 215?
True
Is 290986260 a multiple of 5660?
True
Is 153805080 a multiple of 11?
True
Is 3056601858 a multiple of 2469?
False
Is 208 a factor of 752422944?
True
Is 66708000 a multiple of 204?
True
Is 472479930 a multiple of 390?
True
Is 1477 a factor of 826320943?
True
Does 5 divide 466821370?
True
Is 2374 a factor of 849804162?
True
Is 132479327 a multiple of 149?
True
Does 14 divide 448046970?
True
Is 862590128 a multiple of 2858?
True
Is 176383320 a multiple of 293?
False
Does 42 divide 12310401?
False
Does 29 divide 44869888?
False
Does 110 divide 15762239?
False
Is 1498 a factor of 1156587824?
True
Is 1033439068 a multiple of 13?
False
Is 21 a factor of 287208201?
True
Is 226 a factor of 674166707?
False
Is 1667028 a multiple of 3?
True
Is 6 a factor of 164890608?
True
Does 1767 divide 332410350?
False
Is 40 a factor of 193546760?
True
Is 24 a factor of 38487079?
False
Is 120359628 a multiple of 535?
False
Is 8487891 a multiple of 6?
False
Is 203 a factor of 1092921057?
False
Does 23 divide 74821910?
False
Does 362 divide 449502518?
False
Is 2041849483 a multiple of 1324?
False
Does 4 divide 15318561?
False
Is 27093148 a multiple of 25?
False
Does 1515 divide 202590688?
False
Is 41734538 a multiple of 849?
False
Is 264 a factor of 1012402027?
False
Is 758405989 a multiple of 345?
False
Does 95 divide 39522485?
False
Is 3 a factor of 1001352343?
False
Does 4 divide 36517148?
True
Does 1338 divide 655008534?
True
Is 562157365 a multiple of 329?
True
Does 59 divide 240048857?
False
Is 47593050 a multiple of 291?
True
Does 12 divide 40803649?
False
Is 119119946 a multiple of 17?
False
Is 31 a factor of 2414120288?
True
Does 19 divide 2947250?
False
Is 68 a factor of 607796512?
True
Is 43 a factor of 112619232?
False
Is 3 a factor of 8554140?
True
Does 9830 divide 2909096519?
False
Is 457384621 a multiple of 19?
False
Is 7 a factor of 4040414427?
True
Is 45471416 a multiple of 40?
False
Is 40 a factor of 23610200?
True
Is 15 a factor of 584741098?
False
Is 104922096 a multiple of 917?
False
Is 25979760 a multiple of 60?
True
Does 2847 divide 298396917?
True
Is 103 a factor of 41939746?
True
Does 1344 divide 77789376?
True
Does 210 divide 39217710?
True
Does 3956 divide 153354340?
True
Is 345 a factor of 16635907?
False
Is 1779540009 a multiple of 46?
False
Does 117 divide 180112531?
False
Is 1490 a factor of 380113372?
False
Does 11 divide 41402471?
True
Does 278 divide 52525148?
False
Does 4 divide 16607860?
True
Does 18 divide 57965791?
False
Does 35 divide 217248722?
False
Does 1771 divide 142850975?
False
Is 409 a factor of 1162268797?
True
Does 55 divide 193124670?
False
Is 35237328 a multiple of 3689?
True
Is 11 a factor of 156810632?
True
Does 30 divide 138576228?
False
Is 2127 a factor of 161764009?
False
Is 1974111548 a multiple of 551?
False
Is 5366223 a multiple of 8?
False
Does 16 divide 98490923?
False
Does 384 divide 29555167?
False
Does 5540 divide 2881459260?
True
Is 44 a factor of 4665716?
True
Is 34736203 a multiple of 13?
False
Is 116 a factor of 397489080?
True
Does 1328 divide 16614608?
True
Is 600611368 a multiple of 2702?
True
Is 3 a factor of 19856361?
True
Does 9 divide 10763631?
True
Does 356 divide 280332991?
False
Is 1052897932 a multiple of 2969?
False
Does 556 divide 1503100007?
False
Is 32 a factor of 352406049?
False
Is 31266060 a multiple of 105?
True
Does 2158 divide 1374228142?
False
Does 77 divide 8743814?
False
Does 959 divide 152309339?
True
Is 1675121448 a multiple of 24?
True
Is 412806343 a multiple of 83?
False
Is 116300160 a multiple of 915?
True
Does 527 divide 267777426?
False
Does 52 divide 159187661?
False
Does 124 divide 950391990?
False
Is 61735875 a multiple of 75?
True
Is 10 a factor of 76574734?
False
Does 7722 divide 694736513?
False
Is 2023 a factor of 318023692?
True
Is 110 a factor of 14493050?
True
Is 620 a factor of 174236740?
True
Does 21 divide 117081174?
True
Is 199021860 a multiple of 27?
True
Is 537 a factor of 568040263?
False
Is 1870715514 a multiple of 161?
False
Does 151 divide 4352982851?
True
Is 512 a factor of 22645248?
True
Is 73400484 a multiple of 1369?
False
Is 572132032 a multiple of 424?
True
Does 3594 divide 844937376?
False
Is 74332582 a multiple of 3218?
True
Is 379197818 a mult